+ 10. Determine k(4).
10
Let y(q) = -q**2 + 17*q - 6. Calculate y(10).
64
Let j(x) = -10*x**2 - 1. Give j(-1).
-11
Let v(d) = -d**2 + 22*d - 108. Give v(8).
4
Let t(c) = 3*c**2 - 40*c + 128. Give t(7).
-5
Let i(l) = -34*l + 28. Determine i(1).
-6
Let m(j) = -j**3 - 4*j**2 - j + 5. Determine m(-3).
-1
Let h(k) = 6*k - 29. Give h(6).
7
Let a(c) = c**3 - 39*c**2 + 66*c + 295. Determine a(37).
-1
Let y(t) = 2*t - 5. Calculate y(-3).
-11
Let r(n) = -n - 7. Calculate r(-5).
-2
Let k(b) = 6*b - 27. Calculate k(4).
-3
Let g(a) = 8*a**3 + 2*a**2 - 2. What is g(-1)?
-8
Let i(c) = -c - 14. Calculate i(-19).
5
Let k(a) = -a**3 - 4*a**2 + 7*a. What is k(-5)?
-10
Let u(t) = t**2 + t - 1. Calculate u(-4).
11
Let s(p) = 23*p - 2. What is s(-3)?
-71
Let u(t) = 37*t + 76. What is u(-2)?
2
Let q(y) = -2*y + 9. Determine q(8).
-7
Let w(r) = r**2 + 25*r + 94. Give w(-20).
-6
Let b(r) = 2*r**3 - 3*r**2 + 3*r - 4. Give b(2).
6
Let x(i) = 6*i**3 + i**2. Calculate x(-1).
-5
Let f(p) = -44*p + 1. Calculate f(1).
-43
Let c(s) = -s - 6. Determine c(13).
-19
Let b(i) = -17*i + 2. Determine b(1).
-15
Let p(k) = 7*k + 22. Give p(-9).
-41
Let z(r) = -r**3 - r**2 + 6*r + 8. What is z(-4)?
32
Let x(q) = -2*q**2 + 8*q - 28. Give x(8).
-92
Let o(j) = -j**3 + 2*j**2 + 3*j. What is o(-2)?
10
Let k(n) = n**3 + 14*n**2 + 11*n - 9. Determine k(-13).
17
Let n(m) = 2*m - 7. Determine n(4).
1
Let o(a) = -a**2 + 2*a - 1. Give o(8).
-49
Let a(b) = 6*b**3 - 5*b. Determine a(-2).
-38
Let w(i) = -3*i - 104. Calculate w(-28).
-20
Let l(b) = 3*b**2 + 3*b - 2. What is l(-4)?
34
Let g(v) = -v - 8. Calculate g(5).
-13
Let y(r) = 2*r - 8. Give y(-10).
-28
Let o(h) = -h**2 - 7*h + 2. Determine o(-9).
-16
Let s(v) = 2*v**3 + 4*v**2 - 3*v. Calculate s(2).
26
Let q(z) = -4*z**2 + 3*z - 1. Give q(3).
-28
Let i(g) = 12*g + 13. Give i(-2).
-11
Let d(h) = h**3 - 5*h**2 - 8*h + 5. Determine d(6).
-7
Let t(a) = a**2 + 7*a - 228. Give t(-19).
0
Let s(a) = a**3 + 7*a**2 + 5*a + 1. What is s(-5)?
26
Let y(q) = -q**2 + 13*q + 20. What is y(15)?
-10
Let k(q) = -q**2 - 9*q + 99. What is k(6)?
9
Let h(k) = 4*k**2 - k - 1. Calculate h(2).
13
Let o(x) = 6*x + 34. What is o(-6)?
-2
Let v(y) = 4*y**3 - 2. Determine v(-2).
-34
Let t(u) = -14*u - 20. Determine t(-2).
8
Let k(c) = 2*c + 47. Determine k(-27).
-7
Let d(m) = -m**3 + 16*m**2 + 20*m - 58. Calculate d(17).
-7
Let a(j) = j - 14. Give a(10).
-4
Let a(s) = s**3 - 3*s**2 + s + 4. Calculate a(-2).
-18
Let o(p) = p**3 - 5*p**2 + 9*p - 6. Calculate o(5).
39
Let f(a) = -18*a + 22. Give f(1).
4
Let t(j) = j**2 - 4*j. Determine t(7).
21
Let j(s) = -13*s - 5. Determine j(1).
-18
Let q(f) = f**3 + f**2 - f - 15. Give q(0).
-15
Let p(z) = z**3 + 11*z**2 + 11*z - 1. Calculate p(-10).
-11
Let l(t) = -4*t**2 + t + 2. Give l(-1).
-3
Let u(h) = -8*h - 3. Calculate u(-10).
77
Let c(d) = 5*d**2 - 2*d + 15. Give c(0).
15
Let v(d) = -d**2 + 10*d + 11. Calculate v(11).
0
Let h(q) = -q + 20. Calculate h(-4).
24
Let b(w) = w**3 + 50*w**2 - 337*w - 62. Give b(-56).
-6
Let r(l) = l + 7. What is r(3)?
10
Let w(s) = 2*s**2 - 7*s + 6. What is w(5)?
21
Let a(h) = 3*h**2 - 8*h + 8. Determine a(1).
3
Let d(o) = -o**2 - 6*o + 8. What is d(4)?
-32
Let q(w) = 35*w + 966. Give q(-28).
-14
Let r(c) = 28*c - 33. Determine r(1).
-5
Let t(b) = b**3 + 4*b**2 + 5*b + 2. What is t(-3)?
-4
Let x(a) = -a**2 + 12*a - 7. What is x(5)?
28
Let x(u) = -2*u**2 - 12*u. Calculate x(-6).
0
Let h(b) = 2*b**3 + 26*b**2 - b - 20. What is h(-13)?
-7
Let i(y) = -y**3 + 14*y**2 + 14*y + 19. What is i(15)?
4
Let h(i) = i**3 + 21*i**2 - 3*i - 6. Calculate h(-21).
57
Let v(d) = d**2 - 16*d + 2. What is v(17)?
19
Let r(a) = 3*a**2 + 3. What is r(-4)?
51
Let a(i) = -2*i**2 - 10. Calculate a(0).
-10
Let t(s) = -s**2 + 9*s + 31. Calculate t(12).
-5
Let d(x) = -3*x - 23. Give d(-20).
37
Let u(f) = -f**3 + 6*f**2 + 7*f - 1. Give u(7).
-1
Let x(w) = -w**2 + 16*w + 8. What is x(16)?
8
Let w(f) = -45*f**2 - 2*f + 1. What is w(1)?
-46
Let u(c) = 6*c + 22. Determine u(-14).
-62
Let p(g) = 2*g**2 - 4*g - 3. Determine p(3).
3
Let y(m) = 4*m**3 - 3*m**2 + 2*m + 1. Calculate y(2).
25
Let k(p) = 3*p**3 - 3*p**2 + 2*p - 1. Calculate k(2).
15
Let g(y) = -44*y - 60. Determine g(-4).
116
Let o(a) = a**3 - 9*a**2 - 6*a + 11. Determine o(7).
-129
Let r(a) = a**3 + 8*a**2 + 8*a - 9. Calculate r(-7).
-16
Let z(p) = -13*p - 45. Give z(-5).
20
Let s(l) = 12*l**2 + 9*l - 8. Give s(1).
13
Let h(u) = -42*u**2 - 3*u. What is h(1)?
-45
Let q(b) = -5*b**2 + 4*b + 4. Determine q(-2).
-24
Let d(k) = k**2 + 2*k + 2. Calculate d(-3).
5
Let y(l) = l**3 - 12*l**2 + 10*l + 2. Calculate y(11).
-9
Let s(r) = 2*r**3 - 57*r**2 + 27*r + 20. Give s(28).
-8
Let v(q) = -q**3 + 5*q**2 + 4*q + 6. Give v(6).
-6
Let g(d) = -d**2 - 8*d - 6. What is g(-6)?
6
Let y(o) = 6*o**2 + o + 1. Determine y(2).
27
Let p(m) = m**2 - 8*m - 2. Give p(6).
-14
Let g(m) = -4*m**2 - 31*m + 13. What is g(-8)?
5
Let y(h) = h**2 - 3*h + 49. Calculate y(0).
49
Let i(w) = -33*w**2 + w. Determine i(1).
-32
Let l(w) = w**3 - 6*w**2 - 7*w + 14. Determine l(7).
14
Let a(y) = -y**2 + 2*y + 4. Calculate a(-5).
-31
Let r(v) = -v**3 - v**2 + 2*v + 2. Calculate r(0).
2
Let m(j) = 4*j - 5. Calculate m(5).
15
Let c(n) = n**2 + 21*n + 33. Calculate c(-19).
-5
Let f(l) = -l**3 - 3*l**2 + 3*l - 5. Give f(0).
-5
Let r(d) = d**2 - d - 24. What is r(-5)?
6
Let x(h) = h**2 - 11*h - 7. Calculate x(8).
-31
Let p(a) = a - 30. What is p(11)?
-19
Let m(l) = l**2 - 5*l + 11. What is m(8)?
35
Let b(a) = -a**3 + 2*a**2 + 3*a - 7. Calculate b(3).
-7
Let h(q) = q**3 + 13*q**2 + 3*q + 7. Give h(-13).
-32
Let p(q) = -7*q + 21. Give p(4).
-7
Let c(m) = m**3 - 13*m**2 + 8*m + 10. Give c(12).
-38
Let t(d) = -d**3 + 16*d**2 - 12*d - 37. What is t(15)?
8
Let v(r) = -3*r + 1. Determine v(1).
-2
Let p(a) = a - 3. Give p(-4).
-7
Let n(l) = -2*l - 4. Give n(-5).
6
Let j(r) = -r**3 - 9*r**2 + r + 1. Calculate j(-9).
-8
Let q(t) = -t**3 + 10*t**2 + 5*t + 59. Calculate q(11).
-7
Let o(t) = -t**2 + t + 11. Determine o(4).
-1
Let t(q) = q - 15. What is t(19)?
4
Let l(g) = -4*g - 38. Calculate l(-11).
6
Let o(w) = -w**3 + 11*w**2 - 18*w - 41. Give o(8).
7
Let y(i) = i**3 + 7*i**2 + 3*i - 34. Give y(-6).
-16
Let l(y) = 89*y + 358. Give l(-4).
2
Let s(d) = d - 11. What is s(5)?
-6
Let m(f) = -64*f**3 - f. What is m(-1)?
65
Let i(u) = u**3 + 2*u**2 + u - 7. Give i(0).
-7
Let h(s) = -5*s**2 - 51*s - 48. Give h(-9).
6
Let n(x) = -x**3 + 2*x - 1. Determine n(1).
0
Let p(v) = 2*v**3 - 37*v**2 - 17*v - 39. What is p(19)?
-1
Let l(w) = 3*w - 54. Calculate l(0).
-54
Let t(m) = -3*m - 2. What is t(-2)?
4
Let l(t) = -2*t - 25. Calculate l(-17).
9
Let w(c) = -3*c - 17. Give w(-7).
4
Let n(v) = -3*v - 54. What is n(14)?
-96
Let z(n) = -3*n + 26. Give z(11).
-7
Let z(q) = q**2 + 5*q + 1. What is z(-3)?
-5
Let j(o) = -3*o**3 + o. Calculate j(-2).
22
Let d(r) = -r**2 - 21*r - 62. What is d(-4)?
6
Let a(k) = 10*k + 3. What is a(4)?
43
Let z(d) = -d**3 - 12*d**2 - 40*d - 18. Calculate z(-8).
46
Let g(n) = 4*n + 8. What is g(-10)?
-32
Let n(q) = q**3 - 15*q**2 + 12*q + 10. Determine n(14).
-18
Let z(x) = -x + 18. Give z(-7).
25
Let v(o) = -23*o - 129. Calculate v(-6).
9
Let g(t) = 2*t**2 + 4*t + 2. Calculate g(-3).
8
Let x(r) = -r**3 - 9*r**2 - 10*r - 12. Calculate x(-8).
4
Let h(f) = -f + 2. Determine h(9).
-7
Let q(a) = -a**2 + 12*a - 35. Give q(7).
0
Let j(m) = -2*m**2 + 36*m + 4. Determine j(18).
4
Let w(y) = 2*y**2 + 112*y - 122. Determine w(-57).
-8
Let c(k) = 7*k**2 + 41*k + 8. Calculate c(-6).
14
Let k(z) = -7*z**3 - 2*z**2 - 3*z. Determine k(-2).
54
Let x(m) = m**3 - 7*m**2 + 5*m - 5. Calculate x(6).
-11
Let o(y) = -y**2 - 7*y + 54. Calculate o(-12).
-6
Let i(d) = -d**2 + 3*d - 5. What is i(13)?
-135
Let y(m) = 16*m + 40. Calculate y(-2).
8
Let b(w) = w**2 + 24*w + 22. Calculate b(-23).
-1
Let d(h) = -4*h**3 + h**2. What is d(1)?
-3
Let z(h) = 10*h + 68. Give z(-6).
8
Let y(u) = -8*u + 9. What is y(4)?
-23
Let u(q) = 2*q**2 - 4*q + 1. Calculate u(2).
1
Let j(k) = k**2 + 4. What is j(2)?
8
Let v(m) = -m**2 + 9*m - 3. Give v(9).
-3
Let w(l) = 3*l + 64. Calculate w(-25).
-11
Let s(y) = y**2 + 35*y + 16. Give s(0).
16
Let v(c) = -3*c - 40. Determine v(-12).
-4
Let d(o) = -25*o + 5. Calculate d(2).
-45
Let p(d) = -d**3 - 30*d**2 + d + 29. Give p(-30).
